{"id":857,"date":"2020-11-12T19:44:29","date_gmt":"2020-11-12T19:44:29","guid":{"rendered":"https:\/\/viebelle.ro\/?post_type=product&#038;p=857"},"modified":"2023-01-22T10:39:35","modified_gmt":"2023-01-22T10:39:35","slug":"black-afgano-nasomatto-extract-de-parfum-30-ml-tester","status":"publish","type":"product","link":"https:\/\/viebelle.ro\/?product=black-afgano-nasomatto-extract-de-parfum-30-ml-tester","title":{"rendered":"Black Afgano-Nasomatto, Unisex Extract de parfum, 30 ml (Tester)"},"content":{"rendered":"<p>Note varf<br \/>\nCannabis<\/p>\n<p>Note baza<br \/>\nagar, tamaie<\/p>\n<p>Note inima<br \/>\nrasina, tabac, tonuri lemnoase<\/p>\n<p>Brandul Nasomatto a fost fondat \u00een 2008 la Amsterdam de legendarul parfumier Alessandro Gualtieri, care \u0219i-a imaginat pentru acest brand parfumuri extraordinare \u0219i excentrice.<\/p>\n<p>Compozi\u021bia extractului de parfum Nasomatto Black Afgano debuteaz\u0103 cu acorduri verzi \u0219i uscate, de c\u00e2nep\u0103 (cannabis). Este completat de tonuri de r\u0103\u0219in\u0103 \u0219i de lemn, amestecate cu tutun \u0219i cu aroma amar\u0103 a cafelei pr\u0103jite. Esen\u021bele \u00eentunecate, de lemn de agar \u0219i de t\u0103m\u00e2ie, transport\u0103 compozi\u021bia \u00een interiorul unui salon ar\u0103besc de fumat. Rezultatul este un parfum ame\u021bitor, care trebuie s\u0103-\u0219i g\u0103seasc\u0103 persoana potrivit\u0103. <\/p>\n","protected":false},"excerpt":{"rendered":"<p><img decoding=\"async\" loading=\"lazy\" src=\"https:\/\/viebelle.ro\/wp-content\/uploads\/2020\/09\/tra-gratis.jpg\" alt=\"\" width=\"370\" height=\"136\" class=\"alignleft size-full wp-image-159\" srcset=\"https:\/\/viebelle.ro\/wp-content\/uploads\/2020\/09\/tra-gratis.jpg 370w, https:\/\/viebelle.ro\/wp-content\/uploads\/2020\/09\/tra-gratis-300x110.jpg 300w\" sizes=\"(max-width: 370px) 100vw, 370px\" \/><img decoding=\"async\" loading=\"lazy\" src=\"https:\/\/viebelle.ro\/wp-content\/uploads\/2020\/09\/risc-0-1.jpg\" alt=\"\" width=\"283\" height=\"56\" class=\"aligncenter size-full wp-image-161\" \/><\/p>\n","protected":false},"featured_media":858,"comment_status":"closed","ping_status":"closed","template":"","meta":[],"_links":{"self":[{"href":"https:\/\/viebelle.ro\/index.php?rest_route=\/wp\/v2\/product\/857"}],"collection":[{"href":"https:\/\/viebelle.ro\/index.php?rest_route=\/wp\/v2\/product"}],"about":[{"href":"https:\/\/viebelle.ro\/index.php?rest_route=\/wp\/v2\/types\/product"}],"replies":[{"embeddable":true,"href":"https:\/\/viebelle.ro\/index.php?rest_route=%2Fwp%2Fv2%2Fcomments&post=857"}],"wp:featuredmedia":[{"embeddable":true,"href":"https:\/\/viebelle.ro\/index.php?rest_route=\/wp\/v2\/media\/858"}],"wp:attachment":[{"href":"https:\/\/viebelle.ro\/index.php?rest_route=%2Fwp%2Fv2%2Fmedia&parent=857"}],"curies":[{"name":"wp","href":"https:\/\/api.w.org\/{rel}","templated":true}]}}