{"id":684,"date":"2020-10-20T20:55:31","date_gmt":"2020-10-20T20:55:31","guid":{"rendered":"https:\/\/viebelle.ro\/?post_type=product&#038;p=684"},"modified":"2025-02-16T11:56:30","modified_gmt":"2025-02-16T11:56:30","slug":"playing-with-the-devil-by-kilian-50ml-tester","status":"publish","type":"product","link":"https:\/\/viebelle.ro\/?product=playing-with-the-devil-by-kilian-50ml-tester","title":{"rendered":"Prada Paradoxe &#8211; Apa de parfum , 90ml (Tester)"},"content":{"rendered":"<p>Prada Paradoxe \u2013 Apa de parfum , 90ml (Tester)<\/p>\n<p>Bogat\u0103 \u00een experien\u021be olfactive noi, at\u00e2t clasice, c\u00e2t \u0219i avangardiste, dar, mai presus de toate, plin\u0103 de paradoxuri. <\/p>\n<p>Compozi\u021bia sa parfumat\u0103 vr\u0103je\u0219te cu note florale \u0219i ambrate, \u00eenso\u021bite de citrice \u0219i de delicioasa vanilie de Madagascar.Debuteaz\u0103 cu bergamot\u0103 de Calabria, neroli \u0219i Ambrofix, ale c\u0103rui tonuri confer\u0103 parfumului c\u0103ldur\u0103. Apoi, \u00een prim-plan trec mandarina dulce, floarea de portocal \u0219i benzoinul. Printre notele de baz\u0103 ale parfumului, cele care persist\u0103 cel mai mult pe piele, ve\u021bi recunoa\u0219te para delicioas\u0103, iasomia, vanilia gurmand\u0103 de Madagascar \u0219i moscul, acesta din urm\u0103 sub forma moleculei revolu\u021bionare Serenolide<\/p>\n","protected":false},"excerpt":{"rendered":"<p><img decoding=\"async\" loading=\"lazy\" src=\"https:\/\/viebelle.ro\/wp-content\/uploads\/2020\/09\/tra-gratis.jpg\" alt=\"\" width=\"370\" height=\"136\" class=\"alignleft size-full wp-image-159\" srcset=\"https:\/\/viebelle.ro\/wp-content\/uploads\/2020\/09\/tra-gratis.jpg 370w, https:\/\/viebelle.ro\/wp-content\/uploads\/2020\/09\/tra-gratis-300x110.jpg 300w\" sizes=\"(max-width: 370px) 100vw, 370px\" \/><img decoding=\"async\" loading=\"lazy\" src=\"https:\/\/viebelle.ro\/wp-content\/uploads\/2020\/09\/risc-0-1.jpg\" alt=\"\" width=\"283\" height=\"56\" class=\"aligncenter size-full wp-image-161\" \/><\/p>\n","protected":false},"featured_media":11931,"comment_status":"closed","ping_status":"closed","template":"","meta":[],"_links":{"self":[{"href":"https:\/\/viebelle.ro\/index.php?rest_route=\/wp\/v2\/product\/684"}],"collection":[{"href":"https:\/\/viebelle.ro\/index.php?rest_route=\/wp\/v2\/product"}],"about":[{"href":"https:\/\/viebelle.ro\/index.php?rest_route=\/wp\/v2\/types\/product"}],"replies":[{"embeddable":true,"href":"https:\/\/viebelle.ro\/index.php?rest_route=%2Fwp%2Fv2%2Fcomments&post=684"}],"wp:featuredmedia":[{"embeddable":true,"href":"https:\/\/viebelle.ro\/index.php?rest_route=\/wp\/v2\/media\/11931"}],"wp:attachment":[{"href":"https:\/\/viebelle.ro\/index.php?rest_route=%2Fwp%2Fv2%2Fmedia&parent=684"}],"curies":[{"name":"wp","href":"https:\/\/api.w.org\/{rel}","templated":true}]}}