{"id":12455,"date":"2024-06-10T06:54:50","date_gmt":"2024-06-10T06:54:50","guid":{"rendered":"https:\/\/viebelle.ro\/?post_type=product&#038;p=12455"},"modified":"2025-07-05T11:03:38","modified_gmt":"2025-07-05T11:03:38","slug":"chanel-no-5-apa-de-parfum-100-ml-tester-sigilat","status":"publish","type":"product","link":"https:\/\/viebelle.ro\/?product=chanel-no-5-apa-de-parfum-100-ml-tester-sigilat","title":{"rendered":"Chanel No. 5 \u2013 Apa de Parfum, 100 ml-Tester Sigilat"},"content":{"rendered":"<p>Chanel No. 5 cel mai faimos parfum al tuturor timpurilor !<\/p>\n<p>Apa de parfum pentru femei Chanel N\u00b05 a fost lansat\u0103 \u00een anul 1921, de faimoasa creatoare de mod\u0103 Gabrielle \u201eCoco\u201c Chanel. Gabrielle a dorit un parfum care s\u0103 reflecte amintirile din copil\u0103ria sa la Aubazine, Fran\u021ba. Chimistul Ernest Beaux a creat pentru ea mai multe variante. Lui Gabrielle i-a pl\u0103cut cel mai mult varianta nr. 5 \u0219i, de aici, emblematicul nume de parfum. Primele 100 de sticle au fost oferite cadou celor mai buni clien\u021bi ai creatoarei de mod\u0103, iar apoi v\u00e2nzarea parfumurilor a demarat \u00een magazinul Chanel. \u0218i dup\u0103 100 de ani de existen\u021b\u0103, Chanel N\u00b05 r\u0103m\u00e2ne unul dintre cele mai populare parfumuri din lume.<\/p>\n","protected":false},"excerpt":{"rendered":"<p><img decoding=\"async\" loading=\"lazy\" class=\"alignleft size-full wp-image-159\" src=\"https:\/\/viebelle.ro\/wp-content\/uploads\/2020\/09\/tra-gratis.jpg\" alt=\"\" width=\"370\" height=\"136\" srcset=\"https:\/\/viebelle.ro\/wp-content\/uploads\/2020\/09\/tra-gratis.jpg 370w, https:\/\/viebelle.ro\/wp-content\/uploads\/2020\/09\/tra-gratis-300x110.jpg 300w\" sizes=\"(max-width: 370px) 100vw, 370px\" \/><\/p>\n","protected":false},"featured_media":12456,"comment_status":"closed","ping_status":"closed","template":"","meta":[],"_links":{"self":[{"href":"https:\/\/viebelle.ro\/index.php?rest_route=\/wp\/v2\/product\/12455"}],"collection":[{"href":"https:\/\/viebelle.ro\/index.php?rest_route=\/wp\/v2\/product"}],"about":[{"href":"https:\/\/viebelle.ro\/index.php?rest_route=\/wp\/v2\/types\/product"}],"replies":[{"embeddable":true,"href":"https:\/\/viebelle.ro\/index.php?rest_route=%2Fwp%2Fv2%2Fcomments&post=12455"}],"wp:featuredmedia":[{"embeddable":true,"href":"https:\/\/viebelle.ro\/index.php?rest_route=\/wp\/v2\/media\/12456"}],"wp:attachment":[{"href":"https:\/\/viebelle.ro\/index.php?rest_route=%2Fwp%2Fv2%2Fmedia&parent=12455"}],"curies":[{"name":"wp","href":"https:\/\/api.w.org\/{rel}","templated":true}]}}