{"id":12452,"date":"2024-06-10T06:36:09","date_gmt":"2024-06-10T06:36:09","guid":{"rendered":"https:\/\/viebelle.ro\/?post_type=product&#038;p=12452"},"modified":"2024-06-16T20:47:04","modified_gmt":"2024-06-16T20:47:04","slug":"tiziana-terenzi-kirke-extrait-de-parfum-100-ml-tester-sigilat","status":"publish","type":"product","link":"https:\/\/viebelle.ro\/?product=tiziana-terenzi-kirke-extrait-de-parfum-100-ml-tester-sigilat","title":{"rendered":"Tiziana Terenzi Kirke Extrait de Parfum 100 ml-Tester Sigilat"},"content":{"rendered":"<p><b>Tiziana Terenzi Kirke este inspirat de zei\u021ba greac\u0103 a vr\u0103jitoriei \u0219i a farmecului, Extract de Parfum magic \u0219i senzual . Acest parfum este un amestec complex de note lemnoase, florale \u0219i aromatice care creaz\u0103 o experien\u021b\u0103 unic\u0103 \u0219i captivant\u0103. Notele de v\u00e2rf sunt bergamota, l\u0103m\u00e2ia, mandarina \u0219i piperul negru, care se combin\u0103 \u00eentr-un buchet proasp\u0103t \u0219i picant.<\/b><\/p>\n","protected":false},"excerpt":{"rendered":"<p><img decoding=\"async\" loading=\"lazy\" class=\"alignleft size-full wp-image-159\" src=\"https:\/\/viebelle.ro\/wp-content\/uploads\/2020\/09\/tra-gratis.jpg\" alt=\"\" width=\"370\" height=\"136\" srcset=\"https:\/\/viebelle.ro\/wp-content\/uploads\/2020\/09\/tra-gratis.jpg 370w, https:\/\/viebelle.ro\/wp-content\/uploads\/2020\/09\/tra-gratis-300x110.jpg 300w\" sizes=\"(max-width: 370px) 100vw, 370px\" \/><\/p>\n","protected":false},"featured_media":12453,"comment_status":"closed","ping_status":"closed","template":"","meta":[],"_links":{"self":[{"href":"https:\/\/viebelle.ro\/index.php?rest_route=\/wp\/v2\/product\/12452"}],"collection":[{"href":"https:\/\/viebelle.ro\/index.php?rest_route=\/wp\/v2\/product"}],"about":[{"href":"https:\/\/viebelle.ro\/index.php?rest_route=\/wp\/v2\/types\/product"}],"replies":[{"embeddable":true,"href":"https:\/\/viebelle.ro\/index.php?rest_route=%2Fwp%2Fv2%2Fcomments&post=12452"}],"wp:featuredmedia":[{"embeddable":true,"href":"https:\/\/viebelle.ro\/index.php?rest_route=\/wp\/v2\/media\/12453"}],"wp:attachment":[{"href":"https:\/\/viebelle.ro\/index.php?rest_route=%2Fwp%2Fv2%2Fmedia&parent=12452"}],"curies":[{"name":"wp","href":"https:\/\/api.w.org\/{rel}","templated":true}]}}