{"id":12054,"date":"2024-02-29T16:06:33","date_gmt":"2024-02-29T16:06:33","guid":{"rendered":"https:\/\/viebelle.ro\/?post_type=product&#038;p=12054"},"modified":"2025-10-28T12:14:31","modified_gmt":"2025-10-28T12:14:31","slug":"xerjoff-casamorati-italica-eau-de-parfum-100ml-tester","status":"publish","type":"product","link":"https:\/\/viebelle.ro\/?product=xerjoff-casamorati-italica-eau-de-parfum-100ml-tester","title":{"rendered":"Xerjoff Casamorati Italica -Eau de Parfum, 100ml (Tester)"},"content":{"rendered":"<p>Apa de parfum unisex Xerjoff Italica \u00eembin\u0103 \u00een compozi\u021bia sa gurmand\u0103 caramelul, vanilia, laptele \u0219i alte note irezistibile, care v\u0103 vor \u00eenc\u00e2nta sim\u021burile olfactive \u0219i vor rezista toat\u0103 seara. Parfumul se va remarca cel mai bine la ocazii speciale \u0219i \u00een zilele mai r\u0103coroase.<\/p>\n<p>La \u00eenceput, ve\u021bi sim\u021bi o explozie dulce-am\u0103ruie de \u0219ofran, subliniat\u0103 de esen\u021ba amar\u0103 a migdalelor siciliene \u0219i de un accent bl\u00e2nd \u0219i lini\u0219titor de lapte. Notele de inim\u0103 dulci \u0219i calde v\u0103 vor aminti de un desert delicios alc\u0103tuit din bomboane de caramel \u0219i vanilie. Cel mai mult va persista pe piele baza senzual\u0103, care eman\u0103 acorduri orientale de lemn de santal, cedru \u0219i mosc.<\/p>\n","protected":false},"excerpt":{"rendered":"<p>Apa de parfum unisex Xerjoff Italica \u00eembin\u0103 \u00een compozi\u021bia sa gurmand\u0103 caramelul, vanilia, laptele \u0219i alte note irezistibile, care v\u0103 vor \u00eenc\u00e2nta sim\u021burile olfactive \u0219i vor rezista toat\u0103 seara. Parfumul se va remarca cel mai bine la ocazii speciale \u0219i \u00een zilele mai r\u0103coroase. La \u00eenceput, ve\u021bi sim\u021bi o explozie dulce-am\u0103ruie de \u0219ofran, subliniat\u0103 de [&hellip;]<\/p>\n","protected":false},"featured_media":12055,"comment_status":"closed","ping_status":"closed","template":"","meta":[],"_links":{"self":[{"href":"https:\/\/viebelle.ro\/index.php?rest_route=\/wp\/v2\/product\/12054"}],"collection":[{"href":"https:\/\/viebelle.ro\/index.php?rest_route=\/wp\/v2\/product"}],"about":[{"href":"https:\/\/viebelle.ro\/index.php?rest_route=\/wp\/v2\/types\/product"}],"replies":[{"embeddable":true,"href":"https:\/\/viebelle.ro\/index.php?rest_route=%2Fwp%2Fv2%2Fcomments&post=12054"}],"wp:featuredmedia":[{"embeddable":true,"href":"https:\/\/viebelle.ro\/index.php?rest_route=\/wp\/v2\/media\/12055"}],"wp:attachment":[{"href":"https:\/\/viebelle.ro\/index.php?rest_route=%2Fwp%2Fv2%2Fmedia&parent=12054"}],"curies":[{"name":"wp","href":"https:\/\/api.w.org\/{rel}","templated":true}]}}